inder when l is divided by 14?
11
Let t(s) = -s**2 - 9*s - 214. Let g be t(30). Calculate the remainder when 374 is divided by g/(-56) - (-8)/28.
24
Let i be (-21)/(-210) + (-2242)/20. What is the remainder when 73 is divided by 168/126 - (0 - i/(-6))?
13
Let x = 88 - 63. Calculate the remainder when x is divided by 24.
1
Let u(m) be the second derivative of m**5/20 + m**3/3 - 3*m**2/2 + 88*m - 1. What is the remainder when 258 is divided by u(4)?
51
Suppose 97 = 4*y + 69. Suppose 1104 = r + y*r. Calculate the remainder when r is divided by 70.
68
Suppose -16*r - 190 + 110 = 0. Let w(l) = -5*l + 46. Calculate the remainder when w(r) is divided by 16.
7
Let v = -15036 + 15225. What is the remainder when v is divided by 132?
57
Suppose -31*p - 71 + 1125 = -0*p. Calculate the remainder when 1392 is divided by p.
32
Let g(d) = d + 6. Let y be g(3). Suppose 0 = y*a - 226 + 19. Suppose h - 5*j + 11 = -10*j, -2*j = -3*h + 52. What is the remainder when a is divided by h?
9
Let p be 3/(1 - (-35)/(-38)). Let l = 50 - p. Suppose 0 = -19*b + 15*b + l. What is the remainder when 10 is divided by b?
1
Let l be 4/(-6) - 20/(-12). Let t(w) = 75*w**2 + 2*w - 2. What is the remainder when t(l) is divided by -1*106/(-6) - (-4)/3?
18
Let x(g) = 5*g**3 + 2*g**2 - 3*g. Let r(p) = p**3 - 5*p**2 - 15*p + 9. Let h be r(7). Calculate the remainder when x(h) is divided by 15.
12
Suppose 3*m - d = 69, -9 = 3*d - 6*d. Suppose 0 = -12*k + 11*k - m. Let a(p) = p**3 + 23*p**2 - 26*p - 29. Calculate the remainder when a(k) is divided by 10.
9
Suppose -5*r + 187 = 3337. Let q = -603 - r. Calculate the remainder when 944 is divided by q.
26
Calculate the remainder when (91572/(-104))/(((-15)/(-6))/(-5)) is divided by 177.
168
Suppose x = 3, k + 0*k - x = 20. Suppose -2*r + p = -691, -7*r - 42*p + 44*p = -2408. Calculate the remainder when r is divided by k.
20
Let v = 342 + -204. Let j = -60526 - -60555. Calculate the remainder when v is divided by j.
22
Suppose n + 2*t = -1, t - 15 = -2*n - 5. Suppose -1504 = -15*f - 199. What is the remainder when f is divided by n?
3
Suppose 0 = 2*t + 4*y - 1026, -41*y = -39*y - 10. What is the remainder when t is divided by 71?
6
Suppose 5*n + 5 = -2*a + 20, -4*n - a = -9. Let z(d) = 26*d**2 + 3*d - 2. What is the remainder when 181 is divided by z(n)?
19
Suppose -6*b + 16 = -2*b. Suppose 0 = b*n - 4*a - 212, -3*n - a = n - 202. Let k = 471 + -457. Calculate the remainder when n is divided by k.
9
Let g(p) = -3*p**3 + 44*p**2 + 19*p - 40. What is the remainder when g(15) is divided by (6/4)/(1/6)?
2
Let s be (-3642)/4 + (-6)/(-4)*-1. Let g = -234 - s. Calculate the remainder when ((-15)/30)/(g/680 - 1) is divided by 43.
41
Let g = 521 + -517. Suppose 0*o + g*o + c - 632 = 0, -3*o = 4*c - 461. What is the remainder when o is divided by 7?
5
Let d(g) = -2*g**3 - 5*g**2 + 15. Let f be d(-6). Let p = f - 80. What is the remainder when p is divided by 38?
35
Suppose -977 = 3*z - 4*j, -137 = -2*z - 4*j - 795. Let d = z + 366. What is the remainder when d is divided by 21?
18
Let f(y) = 2*y**2 - y**2 + 9*y**2 - 4*y**2. Calculate the remainder when 52 is divided by f(-1).
4
Let c = 2912 - 2694. Calculate the remainder when c is divided by 35.
8
Suppose 3*r = -5*k - 110 + 328, 0 = k - 5*r - 10. What is the remainder when k is divided by 19?
2
Suppose 0 = 108*k - 403 - 461. Calculate the remainder when 4851 is divided by k.
3
What is the remainder when (-2 - 343)*(2 + (-8)/(-24)*-15) is divided by 91?
34
Let o = 3463 - 2339. What is the remainder when o is divided by 49?
46
Let a(d) = 78*d**2 + d + 1. Calculate the remainder when a(-1) is divided by (-44)/(-2) + 13 + -14.
15
What is the remainder when (91/(-39))/((-21)/2007) is divided by 215?
8
Let w = 286 + -154. Calculate the remainder when w is divided by 1*(36 - -11)*1.
38
Suppose -4*r - u = -115, -96 - 14 = -4*r - 2*u. Suppose 34*y - 96 = r*y. What is the remainder when 88 is divided by y?
16
What is the remainder when 1*35*1/5 - -728 is divided by 19?
13
Suppose 0 = -89*p + 26474 + 28350. Calculate the remainder when p is divided by 63.
49
Let f(w) = -4*w - 23 - 12 - 27. Let y be f(-15). Let l(o) = o + 11. Calculate the remainder when 33 is divided by l(y).
6
Let w(n) = n**2 + n - 36. Let s be w(15). Let c = -187 + s. What is the remainder when 56 is divided by c?
5
Suppose o = -g + 98, 4*g + o = -g + 490. What is the remainder when 398 is divided by g?
6
Let y(k) = 2*k**3 + 4*k**2 - 13*k - 23. Let n be y(-2). What is the remainder when 8*n/8 - -14 is divided by 9?
8
Let q = -2435 + 2792. Calculate the remainder when q is divided by 122.
113
Let s(y) = -81*y - 944. What is the remainder when 293 is divided by s(-13)?
75
Let h = -11 - -87. Suppose -5*o + 10*o - 152 = -4*f, -o = -4*f - 16. What is the remainder when h is divided by o?
20
Let r(j) = -j**2 - 18*j - 35. Suppose -36*q = -32*q + 80. Let n be r(q). Calculate the remainder when (-1 + n/(-10))/(2/4) is divided by 7.
6
Let g = -222 + 129. Let r = g + 118. Calculate the remainder when 48 is divided by r.
23
Suppose -24*p + 1845 = 21*p. Suppose -q + 2*t - 5 = 0, -q + 20 = -3*t + 6*t. Suppose -q*n + 40 = 5. Calculate the remainder when p is divided by n.
6
Let d(o) = -2*o**2 - 38*o - 17. Let y = -37 - -41. Suppose 61 = y*l - 11. What is the remainder when d(-18) is divided by l?
1
Let o = 124 + -119. Calculate the remainder when (o - 6) + (163 - -1) is divided by 33.
31
Let l be 0 - (0 - (1 + 4)). Suppose 0 = l*z - 3 + 13. Calculate the remainder when 60 is divided by 0 + (-31)/(z + 1).
29
What is the remainder when 624 is divided by (-377)/(-9) - 100/(-900)?
36
Let y(c) = -c**3 - 42*c**2 - 52*c - 450. Calculate the remainder when 18 is divided by y(-41).
0
Let u = -6136 + 6952. Calculate the remainder when u is divided by 317.
182
Let t(g) = 17*g**2 + g - 1. Let x be ((-16)/(-6))/1 - 2/3. Calculate the remainder when t(1) is divided by x/(-12) - (-95)/30.
2
Let g(p) = p**2 + p - 54. Let o be g(-8). Suppose -5*d + 83 = -l, -5*d + 149 + 37 = -o*l. Let q = 199 + l. What is the remainder when q is divided by 17?
11
Let f(x) = -x**3 + 6*x**2 - 18*x + 32. Let w be f(4). Let b(u) = -19*u - 109. Calculate the remainder when 49 is divided by b(w).
6
Suppose 5*r - 6 + 31 = -4*v, r + 6 = -v. Let d(c) = 4*c**2 + 14*c - 20. What is the remainder when 22 is divided by d(v)?
2
Let n be 1*-5 - (-33 + -7)/5. Suppose n*l - 589 = -16*l. What is the remainder when l is divided by 11?
9
Let u = -154 - -10. Let y = 169 + u. What is the remainder when 96 is divided by y?
21
Let q(a) = a**2 - 5*a - 560. What is the remainder when 1720 is divided by q(-26)?
244
Let y(f) = -f**2 + 18*f - 25. Let z be y(14). Let o = -31 + z. Suppose -2*r + o*r + 24 = 0. What is the remainder when 31 is divided by r?
7
Suppose 2*i - 2*t = -102 + 114, -8 = -4*t. What is the remainder when 278 is divided by i?
6
Let n(f) = f**2 - 39*f + 97. Let j(u) be the third derivative of u**5/60 - 5*u**4/24 - 5*u**3/3 - 3*u**2. Calculate the remainder when n(0) is divided by j(8).
13
Suppose -5*d + 5*f = -135, 2*d + 6*f - 34 = 4*f. Suppose 2*w = 32 - d. Suppose w*t = 80 + 25. What is the remainder when 38 is divided by t?
17
Let h(o) = -397*o - 3858. What is the remainder when 654 is divided by h(-10)?
94
Let l(m) = m**2 + m + 31. Let w = -36 - -36. Let o be l(w). Suppose 127 = 6*t + o. What is the remainder when t is divided by 6?
4
Suppose 0 = 2*p, -71 + 460 = -b - 2*p. Let c = 463 + b. Let a = -4 + 19. What is the remainder when c is divided by a?
14
What is the remainder when 270 is divided by ((-2)/((-2)/3))/((-156)/(-7436))?
127
Let c(a) = -114*a - 25. Let i be c(-5). Suppose -13*v + i = -8*v. Calculate the remainder when v is divided by 37.
35
Let g = 22 - 6. What is the remainder when ((-802)/(-6) - -3)*(-9)/(-6) is divided by g?
13
Suppose -1370*m - 1134 = -1397*m. Calculate the remainder when 402 is divided by m.
24
Let v be -1*(-1)/3*(-4 + 13). Suppose 0 = -3*f + 12, 4*n - v*f - 28 = -5*f. Calculate the remainder when 53 is divided by (8/n)/(-5 + (-885)/(-175)).
25
Let x be -1*3*-1*(-330)/45. Let n be -26*(6/3 - 1). Let g = x - n. What is the remainder when 14 is divided by g?
2
Calculate the remainder when 142 is divided by (1 - 4/(-8))/(15*6/3540).
24
Let x(d) = -12*d - 111. Let